{"id":30674,"date":"2024-05-23T13:38:49","date_gmt":"2024-05-23T13:38:49","guid":{"rendered":"https:\/\/www.ilpasticceredelcuore.it\/?page_id=30674"},"modified":"2024-05-23T13:42:34","modified_gmt":"2024-05-23T13:42:34","slug":"privacy-policy-2","status":"publish","type":"page","link":"https:\/\/www.ilpasticceredelcuore.it\/?page_id=30674","title":{"rendered":"Privacy Policy"},"content":{"rendered":"\n<div style=\"color: black;\">\n<!-- \/divi:paragraph --><\/p>\n<p><!-- divi:paragraph --><strong>Informazioni sul trattamento dei dati personali<\/strong><\/p>\n<p><!-- \/divi:paragraph --><\/p>\n<p><!-- divi:paragraph --><em>Ai sensi dell\u2019art. 13 del GDPR UE 2016\/679 \u201cRegolamento (UE) del Parlamento Europeo e del Consiglio del 27\/04\/2016 relativo alla protezione delle persone fisiche con riguardo al trattamento dei dati personali, nonch\u00e9 alla libera circolazione di tali dati\u201d<\/em><\/p>\n<p><!-- \/divi:paragraph --><\/p>\n<p><!-- divi:paragraph --><strong>PERCH\u00c9 QUESTO DOCUMENTO?<\/strong><\/p>\n<p><!-- \/divi:paragraph --><\/p>\n<p><!-- divi:paragraph -->Ai sensi e per gli effetti dell\u2019articolo 13 del GDPR UE 2016\/679, Regolamento Europeo dei per la protezione dei dati personali (di seguito per brevit\u00e0 \u201cRegolamento\u201d), la informiamo (secondo quanto definito dall\u2019art.4), che in qualit\u00e0 di Titolare del trattamento dei dati personali:<\/p>\n<p><!-- \/divi:paragraph --><\/p>\n<p><!-- divi:paragraph --><strong>Il pasticcere del cuore di Codognotto Stefano <\/strong>con sede in Silea (TV), Via degli alpini, 9, codice fiscale CDGSFN91D05L407Q partita IVA 05006880263<em>, <\/em>(di seguito per brevit\u00e0, il \u201cTitolare\u201d) nella persona del suo legale rappresentante, raccoglie, detiene e tratta dati personali tutelati dal Regolamento UE 2016\/679 attraverso il sito web www.ilpasticceredelcuore.it pertanto \u00e8 tenuto ad informarLa circa il trattamento dei suoi dati personali che ne consegue.<\/p>\n<p><!-- \/divi:paragraph --><\/p>\n<p><!-- divi:paragraph --><strong>TIPOLOGIA DI DATI OGGETTO DEL TRATTAMENTO<\/strong><\/p>\n<p><!-- \/divi:paragraph --><\/p>\n<p><!-- divi:paragraph -->Il Titolare tratter\u00e0 i dati che rientrano nelle definizioni di cui all\u2019art. 4 del Regolamento e necessari per dare seguito all\u2019erogazione dei servizi relativi al sito web, come ad esempio:<\/p>\n<p><!-- \/divi:paragraph --><\/p>\n<p><!-- divi:paragraph -->Indirizzi IP;<\/p>\n<p><!-- \/divi:paragraph --><\/p>\n<p><!-- divi:paragraph -->Identificativi univoci di identificazione del dispositivo utilizzato per accedere al sito;<\/p>\n<p><!-- \/divi:paragraph --><\/p>\n<p><!-- divi:paragraph -->Data e ora della visita, pagine visualizzate, numero di visite;<\/p>\n<p><!-- \/divi:paragraph --><\/p>\n<p><!-- divi:paragraph -->URL di provenienza e cookie di sessione o tecnici;<\/p>\n<p><!-- \/divi:paragraph --><\/p>\n<p><!-- divi:table --><\/p>\n<figure class=\"wp-block-table\">\n<table>\n<tbody>\n<tr>\n<td><strong><em>Finalit\u00e0 del Trattamento<\/em><\/strong><\/td>\n<td><strong><em>Base Giuridica<\/em><\/strong><\/td>\n<td><strong><em>Periodo Conservazione Dati<\/em><\/strong><\/td>\n<td><strong><em>Natura del Conferimento<\/em><\/strong><\/td>\n<\/tr>\n<tr>\n<td>Servire le informazioni del sito web per il visitatore e realizzare le statistiche sull\u2019impiego del sito web<\/td>\n<td>Art. 6 par. 1 lett. F) del GDPR UE 2016\/679 \u201c<em>il trattamento \u00e8 necessario per il perseguimento del legittimo interesse del titolare del trattamento<\/em>\u201d<\/td>\n<td>I dati saranno conservati per 1 anno<\/td>\n<td>Il conferimento dei dati \u00e8 obbligatorio poich\u00e9 \u00e8 connaturato con il protocollo di comunicazione http proprio dei sistemi web<\/td>\n<\/tr>\n<tr>\n<td>Mantenimento delle condizioni di sicurezza del sito, prevenzione degli abusi e delle azioni di crimine informatico<\/td>\n<td>Art. 6 par. 1 lett. F) del GDPR UE 2016\/679 \u201c<em>il trattamento \u00e8 necessario per il perseguimento del legittimo interesse del titolare del trattamento<\/em>\u201d<\/td>\n<td>I dati saranno conservati fino al raggiungimento della finalit\u00e0<\/td>\n<td>Il conferimento dei dati \u00e8 obbligatorio<\/td>\n<\/tr>\n<\/tbody>\n<\/table>\n<\/figure>\n<p><!-- \/divi:table --><\/p>\n<p><!-- divi:paragraph --><strong>DESTINATARI DEI DATI PERSONALI \u2013 AUTORIZZATI\/DESIGNATI AL TRATTAMENTO<\/strong><\/p>\n<p><!-- \/divi:paragraph --><\/p>\n<p><!-- divi:paragraph -->I dati potranno essere condivisi con:<\/p>\n<p><!-- \/divi:paragraph --><\/p>\n<p><!-- divi:list --><\/p>\n<ul>\n<li style=\"list-style-type: none;\">\n<ul><!-- divi:list-item --><\/p>\n<li>il fornitore dell\u2019hosting ed in caso di abusi, con le autorit\u00e0 di PS;<\/li>\n<\/ul>\n<\/li>\n<\/ul>\n<p><!-- \/divi:list-item --><\/p>\n<p><!-- divi:list-item --><\/p>\n<ul>\n<li style=\"list-style-type: none;\">\n<ul>\n<li>con lo sviluppatore del sito (nominato come Responsabile di trattamento);<\/li>\n<\/ul>\n<\/li>\n<\/ul>\n<p><!-- \/divi:list-item --><\/p>\n<p><!-- divi:list-item --><\/p>\n<ul>\n<li style=\"list-style-type: none;\">\n<ul>\n<li>gli addetti autorizzati al trattamento che operano per conto del Titolare, sottoposti a vincolo di riservatezza;<\/li>\n<\/ul>\n<\/li>\n<\/ul>\n<p><!-- \/divi:list-item --><\/p>\n<p><!-- \/divi:list --><\/p>\n<p><!-- divi:paragraph -->al di fuori di questi ambiti non saranno n\u00e9 diffusi n\u00e9 comunicati a terzi al di fuori delle specifiche previsioni normative.<\/p>\n<p><!-- \/divi:paragraph --><\/p>\n<p><!-- divi:paragraph -->L\u2019elenco dei Responsabili di trattamento \u00e8 disponibile presso il Titolare<strong>.<\/strong><\/p>\n<p><!-- \/divi:paragraph --><\/p>\n<p><!-- divi:paragraph --><strong>COOKIES<\/strong><\/p>\n<p><!-- \/divi:paragraph --><\/p>\n<p><!-- divi:paragraph -->Il sito impiega tecnologie come i cookies.<\/p>\n<p><!-- \/divi:paragraph --><\/p>\n<p><!-- divi:paragraph -->I cookies sono piccoli files di testo che i siti web inviano al visitatore (al browser internet come Firefox, Chrome, Edge o Opera, ad esempio) dove vengono memorizzate alcune informazioni in maniera persistente che verranno successivamente utilizzate nella stessa sessione di navigazione o in quelle successive.<\/p>\n<p><!-- \/divi:paragraph --><\/p>\n<p><!-- divi:paragraph -->Il sito impiega esclusivamente cookies di tipo tecnico finalizzati a garantire alcune funzionalit\u00e0 del sito web (ad esempio a ricordare la lingua con cui si visita il sito o la corretta autenticazione dell\u2019utente).<\/p>\n<p><!-- \/divi:paragraph --><\/p>\n<p><!-- divi:paragraph --><strong>TRASFERIMENTO DATI VERSO UN PAESE EXTRA UE<\/strong><\/p>\n<p><!-- \/divi:paragraph --><\/p>\n<p><!-- divi:paragraph -->I dati personali non saranno trasferiti in paesi al fuori dall\u2019Unione Europea.<\/p>\n<p><!-- \/divi:paragraph --><\/p>\n<p><!-- divi:paragraph --><strong>DIRITTI DEGLI INTERESSATI<\/strong><\/p>\n<p><!-- \/divi:paragraph --><\/p>\n<p><!-- divi:paragraph -->L\u2019utente, pu\u00f2 far valere i propri diritti come espressi dagli artt. 15 e ss. del Regolamento UE 2016\/679 quando applicabili, rivolgendosi direttamente al Titolare ai contatti riportati di seguito. In particolare, l\u2019utente ha il diritto di ottenere in qualunque momento, da parte del Titolare, l\u2019accesso ai Suoi dati personali e richiedere le informazioni relative al trattamento nonch\u00e9 limitare il loro trattamento. Nel caso in cui ritenga che il trattamento dei dati personali effettuato dal titolare avvenga in violazione di quanto previsto dal Regolamento (UE) 2016\/679, fatta salva ogni altra azione in sede amministrativa o giudiziaria ha il diritto di proporre reclamo alla Autorit\u00e0 di controllo \u2013 Garante Italiano (https:\/\/www.garanteprivacy.it\/).<\/p>\n<p><!-- \/divi:paragraph --><\/p>\n<p><!-- divi:paragraph -->Per esercitare i diritti di cui agli artt. 15-23, segnalare problemi o chiedere chiarimenti sul trattamento dei propri dati personali pu\u00f2 rivolgersi al Titolare del trattamento:<\/p>\n<p><!-- \/divi:paragraph --><\/p>\n<p><!-- divi:paragraph --><strong>Il pasticcere del cuore di Codognotto Stefano<\/strong> \u2013 Via degli alpini, 9 \u2013 31057 Silea (TV)<\/p>\n<p><!-- \/divi:paragraph --><\/p>\n<p><!-- divi:paragraph -->Telefono 389 9534121 \u2013 info@ilpasticceredelcuore.it<\/p>\n<p><!-- \/divi:paragraph --><\/p>\n<p><!-- divi:paragraph --><strong>MODIFICHE INFORMATIVA<\/strong><\/p>\n<p><!-- \/divi:paragraph --><\/p>\n<p><!-- divi:paragraph -->Il titolare potrebbe cambiare, modificare, aggiungere o rimuovere qualsiasi parte della presente Informativa sulla privacy, in qualsiasi momento, salvo se necessario richiederle il consenso, ove previsto. Al fine di facilitare la verifica di eventuali cambiamenti, l&#8217;informativa conterr\u00e0 l&#8217;indicazione della data di aggiornamento dell&#8217;informativa stessa.<\/p>\n<p><!-- \/divi:paragraph --><\/p>\n<p><!-- divi:paragraph -->Data di aggiornamento: 23\/05\/2024<\/p>\n<p><!-- \/divi:paragraph -->\n<\/div>\n","protected":false},"excerpt":{"rendered":"<p>Informazioni sul trattamento dei dati personali Ai sensi dell\u2019art. 13 del GDPR UE 2016\/679 \u201cRegolamento (UE) del Parlamento Europeo e&#8230;<\/p>\n","protected":false},"author":1,"featured_media":0,"parent":0,"menu_order":0,"comment_status":"closed","ping_status":"closed","template":"","meta":{"footnotes":""},"_links":{"self":[{"href":"https:\/\/www.ilpasticceredelcuore.it\/index.php?rest_route=\/wp\/v2\/pages\/30674"}],"collection":[{"href":"https:\/\/www.ilpasticceredelcuore.it\/index.php?rest_route=\/wp\/v2\/pages"}],"about":[{"href":"https:\/\/www.ilpasticceredelcuore.it\/index.php?rest_route=\/wp\/v2\/types\/page"}],"author":[{"embeddable":true,"href":"https:\/\/www.ilpasticceredelcuore.it\/index.php?rest_route=\/wp\/v2\/users\/1"}],"replies":[{"embeddable":true,"href":"https:\/\/www.ilpasticceredelcuore.it\/index.php?rest_route=%2Fwp%2Fv2%2Fcomments&post=30674"}],"version-history":[{"count":2,"href":"https:\/\/www.ilpasticceredelcuore.it\/index.php?rest_route=\/wp\/v2\/pages\/30674\/revisions"}],"predecessor-version":[{"id":30680,"href":"https:\/\/www.ilpasticceredelcuore.it\/index.php?rest_route=\/wp\/v2\/pages\/30674\/revisions\/30680"}],"wp:attachment":[{"href":"https:\/\/www.ilpasticceredelcuore.it\/index.php?rest_route=%2Fwp%2Fv2%2Fmedia&parent=30674"}],"curies":[{"name":"wp","href":"https:\/\/api.w.org\/{rel}","templated":true}]}}